vided by 63.
12
What is the remainder when 743 is divided by 93?
92
Calculate the remainder when 29 is divided by 19.
10
Calculate the remainder when 827 is divided by 105.
92
What is the remainder when 233 is divided by 81?
71
What is the remainder when 3455 is divided by 133?
130
What is the remainder when 102 is divided by 3?
0
What is the remainder when 533 is divided by 79?
59
Calculate the remainder when 18786 is divided by 11.
9
What is the remainder when 456 is divided by 63?
15
What is the remainder when 778 is divided by 267?
244
What is the remainder when 280 is divided by 13?
7
Calculate the remainder when 101 is divided by 53.
48
What is the remainder when 4887 is divided by 188?
187
What is the remainder when 56 is divided by 44?
12
Calculate the remainder when 20793 is divided by 37.
36
Calculate the remainder when 686 is divided by 43.
41
Calculate the remainder when 1208 is divided by 151.
0
Calculate the remainder when 1013 is divided by 5.
3
What is the remainder when 12174 is divided by 297?
294
Calculate the remainder when 1203 is divided by 43.
42
What is the remainder when 2473 is divided by 11?
9
Calculate the remainder when 186 is divided by 63.
60
Calculate the remainder when 715 is divided by 142.
5
What is the remainder when 1121 is divided by 21?
8
Calculate the remainder when 5741 is divided by 44.
21
What is the remainder when 432 is divided by 7?
5
What is the remainder when 1259 is divided by 14?
13
Calculate the remainder when 1486 is divided by 150.
136
What is the remainder when 1168 is divided by 54?
34
What is the remainder when 147 is divided by 38?
33
Calculate the remainder when 510 is divided by 47.
40
Calculate the remainder when 18189 is divided by 8.
5
What is the remainder when 109 is divided by 39?
31
What is the remainder when 226 is divided by 58?
52
Calculate the remainder when 1338 is divided by 102.
12
Calculate the remainder when 246 is divided by 4.
2
Calculate the remainder when 32 is divided by 10.
2
Calculate the remainder when 683 is divided by 4.
3
What is the remainder when 109 is divided by 28?
25
Calculate the remainder when 517 is divided by 40.
37
Calculate the remainder when 48 is divided by 17.
14
Calculate the remainder when 346 is divided by 7.
3
What is the remainder when 820 is divided by 17?
4
What is the remainder when 646 is divided by 18?
16
Calculate the remainder when 868 is divided by 178.
156
Calculate the remainder when 82 is divided by 29.
24
What is the remainder when 174 is divided by 9?
3
Calculate the remainder when 5322 is divided by 36.
30
What is the remainder when 601 is divided by 23?
3
Calculate the remainder when 196 is divided by 34.
26
Calculate the remainder when 152 is divided by 22.
20
Calculate the remainder when 232 is divided by 17.
11
Calculate the remainder when 1237 is divided by 27.
22
What is the remainder when 72 is divided by 10?
2
What is the remainder when 139 is divided by 8?
3
What is the remainder when 1272 is divided by 195?
102
What is the remainder when 1559 is divided by 256?
23
What is the remainder when 369 is divided by 11?
6
Calculate the remainder when 91 is divided by 16.
11
What is the remainder when 1032 is divided by 1032?
0
What is the remainder when 259 is divided by 125?
9
What is the remainder when 220 is divided by 18?
4
Calculate the remainder when 1448 is divided by 50.
48
Calculate the remainder when 6243 is divided by 28.
27
Calculate the remainder when 48 is divided by 5.
3
What is the remainder when 169 is divided by 57?
55
Calculate the remainder when 29 is divided by 14.
1
Calculate the remainder when 560 is divided by 51.
50
What is the remainder when 205 is divided by 6?
1
Calculate the remainder when 219 is divided by 13.
11
What is the remainder when 70 is divided by 31?
8
Calculate the remainder when 14 is divided by 1.
0
Calculate the remainder when 271 is divided by 54.
1
Calculate the remainder when 232 is divided by 17.
11
Calculate the remainder when 482 is divided by 121.
119
Calculate the remainder when 3199 is divided by 10.
9
What is the remainder when 195 is divided by 60?
15
Calculate the remainder when 45 is divided by 20.
5
Calculate the remainder when 732 is divided by 354.
24
Calculate the remainder when 82 is divided by 51.
31
Calculate the remainder when 1804 is divided by 1786.
18
What is the remainder when 477 is divided by 120?
117
Calculate the remainder when 14 is divided by 8.
6
Calculate the remainder when 256 is divided by 53.
44
What is the remainder when 202 is divided by 68?
66
What is the remainder when 430 is divided by 34?
22
Calculate the remainder when 274 is divided by 121.
32
Calculate the remainder when 136 is divided by 35.
31
What is the remainder when 40 is divided by 2?
0
What is the remainder when 86 is divided by 9?
5
Calculate the remainder when 856 is divided by 43.
39
What is the remainder when 21 is divided by 6?
3
What is the remainder when 520 is divided by 200?
120
Calculate the remainder when 380 is divided by 48.
44
Calculate the remainder when 291 is divided by 129.
33
What is the remainder when 67 is divided by 14?
11
What is the remainder when 935 is divided by 7?
4
Calculate the remainder when 135 is divided by 35.
30
Calculate the remainder when 113 is divided by 39.
35
What is the remainder when 390 is divided by 1?
0
Calculate the remainder when 80 is divided by 2.
0
Calculate the remainder when 180 is divided by 46.
42
Calculate the remainder when 403 is divided by 104.
91
Calculate the remainder when 53 is divided by 31.
22
Calculate the remainder when 217 is divided by 65.
22
Calculate the remainder when 5429 is divided by 11.
6
Calculate the remainder when 178 is divided by 46.
40
Calculate the remainder when 140 is divided by 130.
10
What is the remainder when 103 is divided by 13?
12
What is the remainder when 2441 is divided by 487?
6
Calculate the remainder when 215 is divided by 52.
7
Calculate the remainder when 2344 is divided by 169.
147
Calculate the remainder when 190 is divided by 176.
14
Calculate the remainder when 209 is divided by 6.
5
Calculate the remainder when 19935 is divided by 112.
111
What is the remainder when 484 is divided by 35?
29
Calculate the remainder when 951 is divided by 56.
55
What is the remainder when 145 is divided by 52?
41
Calculate the remainder when 288 is divided by 97.
94
What is the remainder when 977 is divided by 3?
2
Calculate the remainder when 426 is divided by 13.
10
Calculate the remainder when 332 is divided by 80.
12
Calculate the remainder when 232 is divided by 3.
1
What is the remainder when 937 is divided by 67?
66
Calculate the remainder when 610 is divided by 134.
74
What is the remainder when 50 is divided by 12?
2
What is the remainder when 285 is divided by 42?
33
What is the remainder when 1227 is divided by 30?
27
Calculate the remainder when 69 is divided by 10.
9
What is the remainder when 45 is divided by 10?
5
What is the remainder when 174 is divided by 140?
34
Calculate the remainder when 23 is divided by 21.
2
Calculate the remainder when 11 is divided by 4.
3
Calculate the remainder when 258 is divided by 105.
48
Calculate the remainder when 593 is divided by 50.
43
Calculate the remainder when 6710 is divided by 9.
5
Calculate the remainder when 20317 is divided by 80.
77
Calculate the remainder when 266 is divided by 58.
34
What is the remainder when 781 is divided by 54?
25
What is the remainder when 271 is divided by 55?
51
Calculate the remainder when 162 is divided by 56.
50
Calculate the remainder when 253 is divided by 52.
45
Calculate the remainder when 405 is divided by 14.
13
What is the remainder when 1189 is divided by 47?
14
What is the remainder when 197 is divided by 153?
44
What is the remainder when 5414 is divided by 38?
18
What is the remainder when 157 is divided by 81?
76
What is the remainder when 152 is divided by 42?
26
What is the remainder when 47 is divided by 47?
0
Calculate the remainder when 2787 is divided by 18.
15
What is the remainder when 625 is divided by 30?
25
What is the remainder when 950 is divided by 60?
50
What is the remainder when 230 is divided by 78?
74
Calculate the remainder when 1536 is divided by 22.
18
What is the 